 n - 3*p. Let r = -10 - n. Suppose -c + l = -34, -25 - 15 = -c - l. Calculate the remainder when c is divided by r.
11
Let l(f) = f + f - 5 + f**3 + 2*f + 8*f**2. What is the remainder when 30 is divided by l(-7)?
14
Suppose f + d = 5*f - 73, -5*f + 5*d + 110 = 0. What is the remainder when f is divided by 9?
8
Suppose -2*w + 419 = 5. Calculate the remainder when w is divided by 53.
48
Let a = 4 - 0. Let f be ((-9)/a)/(1/(-4)). Suppose 3*n - 15 = f. What is the remainder when 22 is divided by n?
6
Let v be (3/(-2))/(6/(-104)). Let n = v - 12. Calculate the remainder when (-117)/(-27)*(-36)/(-6) is divided by n.
12
Let t = 12 - 21. Let d(x) = x**2 + 8*x - 7. Let a be d(t). Suppose -a*b + 11 = -b. Calculate the remainder when b is divided by 6.
5
What is the remainder when 125 is divided by 70/30*(3 + 0)?
6
Let a be (-7)/(-2)*14/7. Suppose 0 = -2*g + a + 11. Calculate the remainder when g is divided by 3.
0
Suppose -z = -2*z + 23. Suppose s - 3 = x + 4*x, -5*x = 4*s - 12. Suppose x*a = 4*a + 5*g - 32, -5*g = 0. What is the remainder when z is divided by a?
7
Let j = -8 - -22. Let f(l) = -15*l + 16*l + 4*l - 9. What is the remainder when f(10) is divided by j?
13
Let y = 10 + -4. What is the remainder when 23 is divided by y?
5
What is the remainder when 1 - 4/((-12)/129) is divided by 12?
8
Suppose 4*o - 3*d - 39 = o, 3*o + 3*d = 51. Suppose 150 + 22 = 4*c. What is the remainder when c is divided by o?
13
Suppose -3*f = -5*v + 2 - 27, -2*f + 3*v + 15 = 0. Suppose f = -4*l - 0*l + 36. Calculate the remainder when l is divided by 5.
4
Suppose -3*c = 2*c - 260. Suppose -m = 5*x - c, -2*m - 9 - 37 = -5*x. Let f = x - -2. What is the remainder when 34 is divided by f?
10
Let q(p) = 31*p**2 + p. Let i = 1 + 1. Suppose i = 4*s - 2. What is the remainder when q(s) is divided by 17?
15
Let k(i) = i**3 + 9*i**2 + 14*i + 5. Calculate the remainder when k(-3) is divided by -2*(0 + (-5)/2).
2
Let c(d) = d**3 - 3*d. Let n(a) = 10*a**2 - a - 1. Suppose 3*x = 3, 7 = 4*g - 7*g + 4*x. Calculate the remainder when c(3) is divided by n(g).
8
Suppose -4 = -2*t - 5*w, 5*t - 10 = -5*w - 0*w. Let u(c) = -c**2. Let q be u(-3). Calculate the remainder when t is divided by (-3)/q*-1*-3.
0
Suppose 0 = 3*p + 5*d - 386, -p - d + 37 + 93 = 0. What is the remainder when p is divided by 27?
24
Suppose 4*l + o - 227 = -0*l, 3*o - 282 = -5*l. What is the remainder when 339 is divided by l?
54
Suppose -5*t + 216 + 159 = 0. Let n(u) = 6*u - 5. Calculate the remainder when t is divided by n(4).
18
Suppose 0 = -d - 5 + 33. Suppose 4*x + 117 = 449. What is the remainder when x is divided by d?
27
Suppose 0 = -12*k + 13*k - 22. What is the remainder when 41 is divided by k?
19
Let t = 43 - 29. Calculate the remainder when 53 is divided by t.
11
Let f(o) = -o**2 + 15*o + 19. What is the remainder when 73 is divided by f(15)?
16
Suppose b = -h - 3*b + 2, 0 = -3*b - 12. Let j(d) = 7*d**2 - 4*d - 4. What is the remainder when j(-3) is divided by h?
17
Let x = -27 - -39. What is the remainder when 118 is divided by x?
10
Let p(k) = 8 - k**2 + 0*k**2 - 11*k + 2*k**2. Let s be p(10). What is the remainder when s*((-10)/4 + -1) is divided by 4?
3
Let c(q) = -q + 6 + 2 - 5. Calculate the remainder when 42 is divided by c(-8).
9
Suppose -t = -2*t + 20. Suppose -25 + 9 = -4*l. Suppose 8*o = l*o + 28. Calculate the remainder when t is divided by o.
6
Suppose r - 30 = -2*r. Calculate the remainder when 88 is divided by r.
8
Let i(x) be the second derivative of -x**3/3 - 7*x**2/2 - x. Calculate the remainder when (1 - (16/(-4) - -3))*2 is divided by i(-5).
1
Let t = 85 - 70. What is the remainder when 134 is divided by t?
14
Suppose -3*q - 9 = 2*h - 3*h, -h + 4*q = -10. Calculate the remainder when 26 is divided by h.
2
Let u = -25 - -39. Calculate the remainder when 27 is divided by u.
13
Let b = -2 - -10. Let g(n) = 2*n**2 - 2*n - 1. What is the remainder when g(4) is divided by b?
7
Let l = 80 - 51. What is the remainder when 113 is divided by l?
26
Suppose -4*u - c = -5*c - 512, 519 = 4*u + 3*c. Calculate the remainder when u is divided by 33.
30
Suppose 4 - 12 = -2*r. Suppose 0 = -4*o - 5*x + 72, -3*o + r*x + 27 = x. Calculate the remainder when 50 is divided by o.
11
Let r(j) = -j**3 - 7*j**2 - 11. What is the remainder when r(-9) is divided by 51?
49
Suppose 5 = -3*n - 2*n, -4*s + n + 81 = 0. Calculate the remainder when s is divided by 12.
8
Suppose 3 = g + 1. Calculate the remainder when 8 is divided by g.
0
Suppose -1000 = -n - 3*n. Calculate the remainder when n/8 - (-3)/(-12) is divided by 16.
15
Let r(u) = -13 - 5*u - 2*u + 6 - u**2. What is the remainder when 5 is divided by r(-5)?
2
Suppose 2*x - 57 = -5. What is the remainder when 102 is divided by x?
24
Suppose 4*l = -4*j + 276, -4*j + 0*l + 297 = -3*l. What is the remainder when j is divided by 25?
22
Let q(g) be the third derivative of g**6/120 - 7*g**5/60 - g**4/4 - g**3/6 + 2*g**2. Calculate the remainder when 28 is divided by q(8).
13
Suppose 6 = 4*p - 58. Suppose -3 - 9 = 2*k + 3*h, 2*h + p = -4*k. Let i = k + 13. What is the remainder when 38 is divided by i?
8
Let z(g) = g - 3. Let u be z(7). Suppose -u*l + 24 = 5*t - t, -10 = 2*l. Calculate the remainder when t is divided by 5.
1
Suppose 10*i = 128 + 182. What is the remainder when 185 is divided by i?
30
Let w(m) = -2*m + 15. Calculate the remainder when 39 is divided by w(2).
6
Let j be 3*(0 + 3/3). Suppose -1 + 25 = j*z. Calculate the remainder when 22 is divided by z.
6
Suppose 0*u = -3*u + 12. Suppose -7*q + 36 = 3*j - u*q, 3*j - 3*q = 66. What is the remainder when j is divided by (0 - -2) + -3 - -7?
5
Suppose -5*l = -0*l - 3*g + 48, 4*l + 38 = 2*g. Suppose -a = -4*d + 59, -2*a - 58 = -2*d - 2*d. What is the remainder when 23 is divided by ((-20)/d)/(1/l)?
11
Let x(k) = k - 9. Let l be x(7). Let i be 1*-4*3/(-6). Calculate the remainder when 42 is divided by -3 - (i + l) - -18.
12
Let v(h) be the third derivative of h**5/60 - h**4/4 + 5*h**3/3 + 2*h**2. What is the remainder when v(8) is divided by 14?
12
Suppose 3*s = -s + 36. Let b(m) = 2*m**2 - 11*m - 7. Calculate the remainder when b(s) is divided by 29.
27
Let s be ((-8)/16)/((-2)/(-224)). Let d = -40 - s. What is the remainder when 46 is divided by d?
14
Suppose 3*l - 21 = -5*d - 1, -5*d - 2*l = -20. Calculate the remainder when 10 is divided by d.
2
Suppose 0 = -2*o - 22 + 8. Let h(b) = -b**3 - 7*b**2 - 4*b + 1. What is the remainder when h(o) is divided by 8?
5
Let z = 10 - 4. Let h(m) = m**3 - 5*m**2 - 5*m - 5. What is the remainder when 3 is divided by h(z)?
0
What is the remainder when 52 is divided by ((-72)/14)/((-16)/56)?
16
Suppose 0*m - 8 = -5*m - 2*t, 5*m + 5*t - 20 = 0. Suppose -3 = -y - m*y. What is the remainder when (0 + (-78)/y)*-1 is divided by 9?
8
Suppose 0 = q + 4*z + 3 + 8, 5*z + 45 = 5*q. Suppose 1 - 5 = -2*v. Suppose -5*o = v*i - 19, -q*o - 2 = -7. Calculate the remainder when 12 is divided by i.
5
Suppose 5 + 1 = -2*i, -61 = -5*h + 2*i. Let t(v) = 3*v + 5. Let m be t(6). Let x = 43 - m. Calculate the remainder when x is divided by h.
9
Let c be (-138)/8 - (-4)/16. Let q = -14 - c. Calculate the remainder when 4 is divided by q.
1
Let m(f) = -3*f**2 + 5*f - 2. Let i(q) = -q**2 - 1. Let s(o) = 4*i(o) - m(o). Calculate the remainder when 9 is divided by s(-3).
1
Let r(x) = x**2 - x - 3. Let v be 4/((-1)/(-2 + 1)). Suppose -4*t + k + 28 = 0, -3*k + 20 = v*t - 6*k. Calculate the remainder when t is divided by r(3).
2
Suppose 26 + 49 = 4*s + 3*u, 30 = s - 3*u. What is the remainder when 40 is divided by s?
19
Let d be 3 + (-33)/(-1) - -2. Suppose 5*f = 5*b + 105, -2*f + d = 2*b - 8. What is the remainder when 85 is divided by f?
19
Let x(z) = 4*z**2. Let g be x(1). Let d be (g/2*-3)/(-1). Calculate the remainder when d/(-2)*-1 - -15 is divided by 5.
3
Suppose -5*a = -0*a. Suppose -5*u - 2*o = -145, 3*o + 0*o = a. What is the remainder when u is divided by 10?
9
Let p be (-3 - -4)/(1/4). Suppose -p*i = -i - 234. Calculate the remainder when i is divided by 20.
18
Let x = 6 + -3. Let b = -2 + x. Suppose o - 7 = b. Calculate the remainder when 23 is divided by o.
7
Calculate the remainder when 4*23*(-275)/(-100) is divided by 15.
13
Let b(v) = 12*v - 4. Let z(q) = q**2 + 7*q - 4. Let c be z(-